alculate the remainder when m is divided by 23.
21
Suppose -2*g = -6*g - 3120. Calculate the remainder when (-12)/18 + g/(-9) is divided by 22.
20
What is the remainder when 45 is divided by (-4)/(-8) - -2*(-75)/(-12)?
6
Suppose 2*n = 4*n + 8. Let m = -2 - n. Calculate the remainder when 2 is divided by m.
0
Calculate the remainder when 41 is divided by (-1)/(3/(-75)) + -3.
19
Let k(j) = -5 + 1 + 2*j**2 - j + 3*j. What is the remainder when k(-4) is divided by 11?
9
Suppose 0 = 2*x + 2*x - 52. Calculate the remainder when 23 is divided by x.
10
Let s(q) = q**3 - 7*q**2 + 9*q - 7. Let l = -7 + 13. What is the remainder when 32 is divided by s(l)?
10
What is the remainder when (-6)/(-63) + 3314/42 is divided by 16?
15
Suppose 71 = 5*l - 2*o, -6 = 6*o - 9*o. What is the remainder when 43 is divided by l?
13
Suppose 0 = 4*j + 5*k + 2, 3*j + 4*k + 1 = -1. Let n be (62 + 4/j)*1. Suppose t = -3*t + n. Calculate the remainder when 31 is divided by t.
15
Suppose 2*l - 10 = 28. Let h = -2 + 1. What is the remainder when (37/2)/(h/(-2)) is divided by l?
18
Let a = 14 - 10. Suppose 3*p + 2*g = 25, -g + 4 = -2*p + 23. What is the remainder when p is divided by a?
1
What is the remainder when (2/4)/((-16)/(-1888)) is divided by 20?
19
Suppose 4*n - 176 = -2*b, -5*b = n - 9 - 53. Suppose 0*y - n = -2*y. What is the remainder when 40 is divided by y?
19
Suppose 204 = 3*g + s, -4*s - 73 = -g - 6*s. What is the remainder when g is divided by 14?
11
Let u(w) = w**3 - w**2 + 3*w - 2. Let o be u(2). Let j(d) = 3*d - 12. Calculate the remainder when 46 is divided by j(o).
10
Let l(r) = r**2 - 5*r - 43. What is the remainder when l(11) is divided by 6?
5
Suppose 4*t = n + 24 - 0, -4*t = -3*n - 16. What is the remainder when t is divided by 6/(-8) - 135/(-20)?
1
Let b(g) = -g**2 + 9*g - 7. Let a be b(8). Let y = 4 + a. What is the remainder when y is divided by 2?
1
What is the remainder when 30 is divided by (1/(-2) - -1)*(14 + 0)?
2
Suppose 5*r + 10 = 35. Let f be 0/(-1 + (r - 2)). What is the remainder when (-28)/6*(f - 3) is divided by 5?
4
Let t = -14 + 23. Suppose -5*k + 5*g = -115, 5*g + 11 = -t. Calculate the remainder when k is divided by 11.
8
Let m(d) = d**2 - 4*d - 6. Let n be m(-4). Suppose 0*b + 2*b = n. Calculate the remainder when 25 is divided by b.
12
Calculate the remainder when -4*12/120*415/(-2) is divided by 7.
6
Let f = 31 + -12. Calculate the remainder when f is divided by (-5)/(2/4*-2).
4
Let l be ((-6)/5)/((-10)/125). Let k = 19 - l. What is the remainder when 13 is divided by k?
1
Let l(v) = 3*v**2 - 24*v - 1. Let k(w) = w**2 - 8*w. Let g(b) = -7*k(b) + 2*l(b). What is the remainder when g(7) is divided by 3?
2
Suppose 0 = 5*g + t - 317, g - 62 = -3*t + 7. What is the remainder when g is divided by 32?
31
Let q = 43 - 25. Let j(o) = o**2 + 3*o - 5. Let l be j(-5). Let t(f) = f**3 - 5*f**2 + f + 5. What is the remainder when q is divided by t(l)?
8
Let y = 30 + 8. Calculate the remainder when y is divided by 10.
8
Suppose 3*u = -s + 67, -2*s + 177 = s + 3*u. What is the remainder when s is divided by 14?
13
Suppose h - 13 = 15. Calculate the remainder when 53 is divided by h.
25
Let b(w) = w + 5. Let j be b(-3). Suppose 13 + 15 = j*i. Calculate the remainder when 41 is divided by i.
13
Let b(w) = -w**3 - 3*w**2 - 5*w - 4. Calculate the remainder when 30 is divided by b(-3).
8
Let h(g) = -2*g - 49. Suppose 16 = -c + 4*y, 0 = -2*c + y - 2*y + 13. What is the remainder when c is divided by h(-26)?
1
Let j = 81 - 52. Let u = -130 + 187. Calculate the remainder when u is divided by j.
28
Let x be (5/(-2))/(13/(-26)). Suppose -x*y + 2*y + 9 = 0. What is the remainder when 5 is divided by y?
2
Let j(r) = -r**3 - 6*r**2 - 5*r - 4. Let h be j(-5). What is the remainder when 2 is divided by (2/2 - h) + -3?
0
Let r(v) = 0 - 22*v + 6 - 6. Calculate the remainder when 64 is divided by r(-1).
20
Suppose -2*y + 4*y = 4. Suppose 137 = 2*f + 3*a, y*a + 6 = 4*a. Suppose 5*b - j = f, -4*j + 8 - 4 = 0. Calculate the remainder when 51 is divided by b.
12
Let v = -4 + 9. Suppose -v*u + 9*u = 28. Calculate the remainder when 26 is divided by u.
5
Let b be 1/3 + (-5)/(-3). Suppose 0 = -b*g + 4 + 4. Calculate the remainder when 5 is divided by g.
1
Suppose 3*m + 4*h = h + 87, -114 = -4*m - 2*h. Calculate the remainder when m is divided by 15.
13
Suppose 246 = 5*s - 89. Calculate the remainder when s is divided by 7.
4
Suppose 127 + 9 = -2*z. Let f = z - -95. Let p(k) = 3*k**3 - 2*k**2 - k. What is the remainder when f is divided by p(2)?
13
Let y = 21 + 13. Let r(k) = -4*k**2 + 3*k - 3. Let t be r(3). Let l = t + 48. What is the remainder when y is divided by l?
16
Let t(k) = 3*k**3 + 3*k**2 - 2*k - 1. Calculate the remainder when t(2) is divided by 4.
3
Suppose 3*n - 4 = g - 29, 0 = -5*n + 4*g - 37. What is the remainder when ((-6)/n)/((-2)/(-39)) is divided by 7?
6
Let q be (51/6)/(1/2). Suppose g - q = 6. Calculate the remainder when g is divided by 8.
7
Let t(r) = r**3 + 3*r**2 - r. Let o be t(-3). Let g be 4/12 - (-5)/o. Suppose 2*n - 72 = -g*n. Calculate the remainder when 53 is divided by n.
17
Suppose a - 6 = -5*n, n = 3*a - 4*a + 14. Suppose 3*m = -29 + 113. What is the remainder when m is divided by a?
12
Let h(d) = -d**2 + 108. What is the remainder when h(0) is divided by 11?
9
Suppose -3*g = -5*g + k + 872, 3*k = 4*g - 1746. Suppose 94 = x - b + 2*b, 5*x - g = 2*b. What is the remainder when x is divided by 23?
20
Suppose 21 = 2*r + 9. Calculate the remainder when 14 is divided by r.
2
Let n = 10 - 7. Calculate the remainder when 87 is divided by (-22)/(((-9)/3)/n).
21
Suppose -6*d + 2*d = -84. Suppose -4*c + 64 = 3*a + d, -a + c = -5. What is the remainder when 43 is divided by a?
7
Suppose 0 = -j - 3*m + 18, -5*j = 4*m + 9 - 44. Suppose -j*h = -2*h - 13. What is the remainder when h is divided by 5?
3
Let q(u) = u + 2. Let i be q(3). Suppose 5*w - i = 5. What is the remainder when 20 is divided by 1*(3 - (w - 6))?
6
Let t = -65 - -79. What is the remainder when 26 is divided by t?
12
Let r = 24 + -90. Calculate the remainder when r/(-2) - (0 + 2) is divided by 11.
9
Suppose -11 + 2 = -g. Let r(v) = -v**3 - 5*v**2 + 7*v + 12. Calculate the remainder when g is divided by r(-6).
3
Let d = -11 - -28. Let u be 2/(((-8)/22)/(-2)). Let h = u - 6. What is the remainder when d is divided by h?
2
Suppose 3*g + 175 = -2*r, r - 4*g = -5*g - 87. Let n = 148 + r. What is the remainder when n is divided by 16?
14
Let o(h) = h**3 + 5*h**2 - 2*h - 7. Let y be o(-5). Suppose -y*b = b - 92. Calculate the remainder when 67 is divided by b.
21
Suppose 0 = -4*s + 101 + 3. Calculate the remainder when 72 is divided by s.
20
Calculate the remainder when ((-5)/10)/((-1)/134) is divided by 17.
16
Let r = 115 - 104. Calculate the remainder when 85 is divided by r.
8
Suppose 4 = -2*w - 4*f - 4, 0 = 5*f + 15. Suppose 4*q - 21 = 7. Calculate the remainder when q is divided by w.
1
Suppose -5*z + p = 3*p - 133, z - 2*p = 29. What is the remainder when z is divided by 15?
12
Suppose 4*s + 4*l - 8 = 0, 3*s + 2*s = -2*l + 13. Let k(r) = r**3 - 6*r**s - r + r**3 - r**2. Calculate the remainder when k(-1) is divided by 2.
0
Suppose -g = j - 26, -5*j - 2 = -4*g + 3*g. Calculate the remainder when g is divided by ((-2 - -1)*-6)/1.
4
Suppose j - 34 = -j - q, 0 = -5*j - 4*q + 88. What is the remainder when 77 is divided by j?
13
Let l(c) = c**2 - 2*c + 6. Suppose h = 6 - 0. What is the remainder when (-4)/h - (-240)/9 is divided by l(4)?
12
Suppose -2*n + 4*n + 5*i = 18, -4*i - 92 = -4*n. Calculate the remainder when n is divided by 7.
5
Let a(o) = 5*o - 14. Suppose -32 = -5*r + 3*v, r - v = -r + 13. What is the remainder when a(r) is divided by 12?
9
Suppose -5*t + 3*k = -154 - 25, -19 = -t - 5*k. Suppose 0 = 2*v - r - 16 - t, -v = -5*r - 16. Calculate the remainder when v is divided by 9.
8
What is the remainder when 15/10*22 + -3 is divided by 16?
14
Let q(v) = -v + 3. Let s(c) = -c**3 + 7*c**2 + 7*c + 3. Let w be s(8). Let y be q(w). Suppose -3*a + a = -y. What is the remainder when 6 is divided by a?
2
Let f(l) = 9*l + 4. Let o be (48/18)/((-1)/(-3)). Let z = 63 - 37. What is the remainder when f(o) is divided by z?
24
Suppose -i = 5*l - 83, 53 = 3*l + i - 2*i. What is the remaind